he tens digit of u/((-12)/(-376)) - -3?
9
Let s be 16/56 - (-57)/21. Suppose 0 = s*u - 91 + 19. What is the tens digit of u?
2
Suppose -34*g + 4*y + 1187 = -33*g, g - 2*y - 1191 = 0. What is the units digit of g?
5
Suppose 0 = -3*b - 6, -3*a - b + 12 = 2. Suppose a*u + 36 = 6*u. What is the tens digit of (20/(-6))/((-3)/u)?
2
Let u(m) = -m**2 + 61*m - 29. What is the units digit of u(36)?
1
Let w = 672 - 236. What is the tens digit of w?
3
Let m(o) = 38*o - 77. What is the units digit of m(4)?
5
Let t(i) = -3*i**3 + 4*i**2 - 15*i + 22. What is the units digit of t(-6)?
4
Let l = 19 + -7. Suppose l = -4*j + 7*j. Let v = 42 - j. What is the tens digit of v?
3
Suppose 5*w + y + 1 = -118, 2*w - 5*y = -53. Let q = 11 + w. Let d = q + 22. What is the units digit of d?
9
Suppose -4*n + 3*n + 5 = 0, -y + 15 = 2*n. Suppose -y*m = -7*m + 126. What is the units digit of m?
3
Let a = 172 - -576. What is the hundreds digit of a?
7
Suppose -3410 = -0*h - 11*h. Let z = h - 210. What is the units digit of z?
0
Suppose -27*w = -19*w - 4592. What is the hundreds digit of w?
5
Let q(s) = -39*s - 2. Let h = -15 + 14. What is the tens digit of q(h)?
3
Let h(b) = b**3 - 6*b**2 + 7*b - 5. Suppose 2*f = -f + 15. Let o be h(f). What is the tens digit of (-91)/(-4) - o/(-20)?
2
Let i be -1 + 12/8*2. Suppose -i*h + 7*h = 10. Suppose -2*q - 3*j = h*q - 162, -2*j + 160 = 4*q. What is the tens digit of q?
3
Let b = 3 + 9. Let o = 2 + b. Suppose -4*a = -3*f - 59, -3*a - 4*f + o = -24. What is the units digit of a?
4
Let c(b) = -2*b. Let j(m) = -38*m + 85. Let o(u) = -4*c(u) + j(u). What is the tens digit of o(-7)?
9
Suppose -i + 2 + 6 = 0. Suppose -q + i = 5. What is the units digit of q?
3
Let h(y) = -y**3 - 4*y**2 - 3*y + 3. Let d be h(-4). Let o be (5/(d/(-9)))/(-1). Suppose o*r - 17 - 10 = 0. What is the units digit of r?
9
Suppose -158 = 7*m - 1397. What is the units digit of m?
7
Let l(o) = -2*o**3 - 9*o**2 + 9*o + 8. Let s be l(-7). Let j = -122 + s. Let a = j + -41. What is the units digit of a?
7
Let o be 2 + (4 - 1)*(-8)/(-6). What is the tens digit of 156 + o/(-2) - 4?
4
Let r be 5043/(-21) - (-5)/35. Let q be r/(-7) + (-12)/42. Let s = q + -21. What is the units digit of s?
3
Suppose 5*t = -4*t + 2133. Let x = -46 + t. What is the tens digit of x?
9
Suppose -y - 24 = -5*y. Let n = y - 12. Let c(w) = -w**3 - 6*w**2 - 2*w + 8. What is the tens digit of c(n)?
2
Suppose 4*l - 31 = 3*s, 3*l + 3*s = -0*s - 3. Let t(j) = -j**3 - j**2 - 5*j - 2. Let b be t(-3). What is the tens digit of b - l/(16/(-12))?
3
Let l(x) = -x**2 - 9*x - 10. Let u be l(-10). Let m be (-5)/u*(3 + 5). Suppose -m*v + 14 = -32. What is the tens digit of v?
2
Suppose -5*j = -4*m - 7168, 5*m + 1975 - 6261 = -3*j. What is the hundreds digit of j?
4
Let g(b) = b**2 - 10. Let t(a) be the third derivative of -a**5/60 + 7*a**4/24 - a**3/6 + a**2. Let p be t(6). What is the units digit of g(p)?
5
What is the units digit of 2737 - ((-72)/(-8) - 3)?
1
Suppose -w - 8 + 2 = 0. What is the units digit of w*5/(45/(-114))?
6
Let l(h) = -24 + 120 + h**2 + 2*h**3 - h**3 + 0*h**2 + h. What is the units digit of l(0)?
6
Let m(w) = w**3 + 4*w**2 - 6*w + 3. Let r be m(-5). What is the tens digit of r/((-32)/12) - -17?
1
Let k = -212 + 189. Let x(p) = 2*p**3 - 3*p**2 - 3*p + 1. Let a be x(4). Let z = a + k. What is the units digit of z?
6
Let y(g) be the third derivative of -g**4/24 - 2*g**3 - 3*g**2. Let a(o) = 20*o + 1. Let j be a(-1). What is the units digit of y(j)?
7
Let k = 25 + -9. Suppose k = 3*m + m. Suppose m*i - p - 27 = 3*i, -12 = -3*p. What is the units digit of i?
1
Let d be ((-1806)/5)/(-3) + (-8)/20. Let b = d + -58. What is the tens digit of b?
6
Suppose -5*j + 3*y - 3 = 0, 2*y = 5*j + 1 + 1. Suppose -3*s + 13*s - 1330 = j. What is the units digit of s?
3
Let s(d) = d**3 + 13*d**2 + 10*d - 14. Let r be s(-11). Suppose -2*p - 3*p + r = 4*m, -4*m - 2*p + 124 = 0. What is the tens digit of m?
3
Let t(p) = 2*p**2 - 4*p. Let j be t(3). Suppose -j*m - 142 = -8*m. What is the tens digit of m?
7
Suppose 29*r + 10 = 31*r. Suppose r*s = 537 - 22. What is the units digit of s?
3
Suppose -2*h = -4*o - 0*o + 340, 3*h - 414 = -5*o. What is the units digit of o?
4
Let p(m) = 4*m**2 + 23*m + 1. Let x be p(-6). Suppose 777 = x*g - 4*g. What is the tens digit of g?
5
Suppose 16*b - 28*b = -7752. What is the units digit of b?
6
Let n be (2 + (-21)/6)*18. Let i = 103 + n. What is the units digit of i?
6
Let y(o) = -10*o**3 - 1 + 8*o**2 - 1 + 1 + 9*o**3 + o. What is the units digit of y(7)?
5
Let b = -3 - -13. Let u(t) = t**2 - 3*t - 14. Let p be u(b). What is the units digit of 4/14 - (-320)/p?
6
Let k(h) = -h**2 - 9*h + 22. Let j be k(-11). Suppose -3*d + 6*d - 33 = j. What is the tens digit of d?
1
Suppose -2*s = 5*z - 3213, -1931 = -3*z - 16*s + 18*s. What is the tens digit of z?
4
Suppose 0 = -3*o + 43 + 107. Let j = 124 - o. What is the tens digit of j?
7
Suppose 0 = 5*m + 3*w - 935, 0 = 3*m + 2*w - 190 - 370. What is the tens digit of m?
9
Let r(t) = 4*t**3 + 23*t**2 - 4*t - 6. What is the hundreds digit of r(4)?
6
Let m = 5640 + -3196. What is the units digit of m?
4
Let r(d) = 2*d**3 + 5*d**2 + 5*d. Let s be r(-2). Let y(u) = 3*u + 15. Let a be y(s). Let g(w) = 5*w**2 + 5*w + 4. What is the units digit of g(a)?
4
Let s(f) = -8 + 15*f + 14*f - 17*f. Let p be s(7). Suppose 89 + p = 3*j. What is the tens digit of j?
5
What is the hundreds digit of 3 + 11/((-110)/(-8750))?
8
Suppose 0 = 4*s + 147*k - 146*k - 9545, -4*s - 5*k = -9533. What is the units digit of s?
7
Let h(x) be the third derivative of 11*x**4/6 - x**3/6 - 9*x**2. What is the hundreds digit of h(3)?
1
Let m = -683 - -1295. What is the units digit of m?
2
Suppose -7*v + 3629 = -1691. What is the units digit of v?
0
Suppose -7*y + 2361 = 5*v - 166, 2543 = 5*v + 3*y. What is the tens digit of v?
1
Suppose -5*w = l + 35, 1 = -0*w - w. What is the tens digit of 6/l + 982/10?
9
Suppose -444 = -2*l + 4*n, 651 = 4*l - 3*n - 247. What is the tens digit of l?
2
Let w = 179 + -55. What is the units digit of w?
4
Let v(a) = 52*a + 25. What is the tens digit of v(3)?
8
Let z(p) = -2 - p - p**2 + 22*p**2 + 27*p**2 + 0. Suppose -r + 2*q + 5 = -2*r, 2 = 4*r - 3*q. What is the tens digit of z(r)?
4
Let r(l) = -2*l + 6. Let s be r(5). Let i = s - -7. Suppose -o - 2 = -i. What is the units digit of o?
1
Let r = 1784 + -1002. Suppose -4*p = -12, 4*q - 5*p = -3*p + r. What is the units digit of q?
7
What is the tens digit of ((-7)/(14/(-3)))/((-1)/(-218))?
2
Suppose 2*a = 4 + 46. Let u = -79 + a. What is the tens digit of 2/(-3 - 165/u)?
3
Let j = 1629 - 1105. Suppose -r + j = -22. What is the tens digit of (-2)/(-11) + r/22?
2
Suppose 0 = 5*j - 2*h + 7*h - 670, -5*h - 5 = 0. Suppose 0*y - j = 3*y. Let d = -27 - y. What is the units digit of d?
8
Let y = 67 - -3907. What is the tens digit of y?
7
Let x(n) = n**2 + 23*n - 5. What is the units digit of x(7)?
5
Suppose -5*x + 1431 = -2*x + 4*r, -4*x + r + 1889 = 0. Suppose -x = -14*i + 1949. What is the tens digit of i?
7
Suppose -n - 46 = n - 3*k, 3*n + k + 58 = 0. Suppose h + 69 = -2*o, -45 = 3*o + 5*h + 62. Let b = n - o. What is the units digit of b?
4
Suppose 2211 = 3*t + x - 313, 6 = -3*x. What is the tens digit of t?
4
Suppose 0 = 3*d + d - 32. Suppose 10*s - 4 = d*s. Suppose 30 = 2*u + s*i, 2*i = 4*u - 7*u + 41. What is the units digit of u?
1
Let c be (-30)/(-9) + 2/(-6). Suppose -6*i + 2*i = 2*t - 392, c*i - 2*t - 308 = 0. Suppose -5*j + 150 = -i. What is the units digit of j?
0
Suppose -51*h = -54*h - 21. What is the tens digit of ((-49)/(-28))/h - (-698)/8?
8
Let b be (10/(-15))/(2/(-12)). Suppose b*r = -v + 1257, v - 2 = -5. What is the tens digit of r?
1
Let s(m) = 3*m**2 + 22*m + 16. What is the units digit of s(-10)?
6
Suppose 182 + 148 = 3*n. Let t = n + 10. What is the hundreds digit of t?
1
Let s be (96/(-60))/((-2)/270). Suppose 3*n - s = -66. What is the units digit of n?
0
Let n = -370 - -541. Let v = n + -113. What is the units digit of v?
8
Let g = -32 + 26. What is the hundreds digit of -3*g/9*270/4?
1
Let j(i) = i**3 + 19*i**2 + 19*i - 45. What is the hundreds digit of j(-11)?
7
Suppose 5*t - o = -0*t + 57, -2*o = 2*t - 30. What is the tens digit of (t/(-16) - -1) + (-1497)/(-12)?
2
Suppose 5 = 5